 f(2) is divided by 33?
6
Suppose -s + 13 = -2*n + 4, -n - 2 = 0. Suppose -3*c - 18 = -4*c. What is the remainder when c is divided by s?
3
Let f(h) = -h**2 - 14*h. Let m be f(-14). Suppose 2*r + 0*z - 3*z - 13 = m, -r - 5*z = 0. Calculate the remainder when r is divided by 4.
1
Let l be 18/12*(-20)/(-6). Suppose 3*j = 2*z - l, -z - j = j - 13. Let t(v) = v**3 - 7*v**2 + 2*v - 2. What is the remainder when 35 is divided by t(z)?
11
Suppose -36 = -2*a - 4*k + 68, 3*a - 148 = 2*k. What is the remainder when 288 is divided by a?
38
Suppose 6 = -3*d + 4*r - 2, -10 = -2*r. Suppose d*m = -3*p + 15, -2*p = 3*p + 15. What is the remainder when m is divided by 3?
0
Suppose 0 = -4*r - 5*x + 68, -5*r = 4*x - x - 85. Suppose -v + 10 = 4*v. Suppose -r = -v*b + 27. Calculate the remainder when 41 is divided by b.
19
Suppose -25 = -22*y + 17*y. Suppose d = -2*j + 27, 8 = y*j - 2. What is the remainder when 39 is divided by d?
16
Let b = 16 + -14. Let s be (-5)/(26/14 - b). Let r = s - 10. What is the remainder when 122 is divided by r?
22
Suppose 4*x - 6 = -4*r + 2*r, 4*x + 12 = 4*r. Let i(p) = 14*p - 29. Calculate the remainder when 2/(-4) + 94/4 is divided by i(r).
10
What is the remainder when -9*4/12*-73 is divided by 56?
51
Let q(j) be the third derivative of j**6/60 - j**5/12 + j**4/8 - j**3/2 - 19*j**2. Calculate the remainder when 57 is divided by q(3).
12
Suppose 8*j - 123 = 269. What is the remainder when j is divided by 11?
5
Let m(p) = 15*p - 21. Let w be m(4). Suppose -r - 2*k = -5*r + 52, 3*r = -2*k + w. Calculate the remainder when r is divided by 4.
1
Let n = 1758 + -1672. Calculate the remainder when 250 is divided by n.
78
Suppose 2*f = -3*f - 5*x + 35, -x = -3*f + 29. Let h = 37 - f. Calculate the remainder when 110 is divided by h.
26
Let t(b) = 16*b + 28. Let r be t(5). Calculate the remainder when (4/8)/(0 - (-1)/r) is divided by 12.
6
Suppose 4*g - 88 = -4*o, 0*g + 2*g - 2 = 0. Let r(a) = a**2 - 21*a + 14. Let m = -20 + 47. Calculate the remainder when m is divided by r(o).
13
Suppose 7*r + 19 - 26 = 0. Calculate the remainder when 29 is divided by r.
0
Let z = -87 + 133. What is the remainder when z is divided by 24?
22
Suppose -73*r + 270 = -63*r. Calculate the remainder when 780 is divided by r.
24
Let p = -44 + 40. What is the remainder when 96 is divided by 2/p - -3*(-67)/(-6)?
30
Suppose -2*q = -2*t, 2*q + 2 = 6*t - 3*t. Suppose -4*v = t*h - 73 - 81, 3*v - h = 118. Calculate the remainder when v is divided by 14.
11
Let t(k) = 26*k**3 + 3*k**2 - k - 10*k**3 - 4*k**2 + 2*k**2. Let g(u) = 9*u + 45. What is the remainder when g(0) is divided by t(1)?
13
Suppose 88 - 440 = -16*o. Let h = 6 - 9. Calculate the remainder when 0 - h/3 - -62 is divided by o.
19
Suppose -3*l - 4*a = -32, -3*l + 2*l - a + 10 = 0. Suppose l = s - 14. What is the remainder when 62 is divided by s?
18
Suppose 0 = 32*x - 31*x - 11. Suppose 2*d - x = d. Calculate the remainder when d is divided by 3.
2
Let q be (-15)/(-10) - 537/(-6). Suppose -q = 7*c - 14*c. Calculate the remainder when c is divided by 5.
3
Let o(b) = b**3 - 2*b**2 + 4*b - 3. Let u be o(3). Let h be u/4*6/9. Suppose -h*q - g = -86, q = -g - 2*g + 34. Calculate the remainder when q is divided by 15.
13
Suppose a - 456 = 5*v - 116, 0 = -2*a - v + 669. What is the remainder when a is divided by 84?
83
Let n = 172 - 138. What is the remainder when n is divided by 13?
8
Suppose 0 = -5*l + 13 + 67. Let q(h) = -4*h + 2. What is the remainder when q(-11) is divided by l?
14
Let a = -97 + 105. What is the remainder when 12 is divided by a?
4
Let i = 484 - 241. What is the remainder when i is divided by 83?
77
Let n(t) = t**2 - 19*t + 130. Calculate the remainder when n(15) is divided by 9.
7
Suppose 8*s - 10 = 3*s. Let a be s/(-12) - 5/(-30). Suppose a = 2*r + 5*d - 53, 2*d - 85 = -5*r + 2*r. Calculate the remainder when 85 is divided by r.
27
Let t = 39 - 33. Let v = t + 93. Calculate the remainder when v is divided by (2 + 0)/((-8)/(-100)).
24
Let y(h) = 3*h**2 - 2*h - 75. Calculate the remainder when 62 is divided by y(6).
20
Let i(z) = -z**2 - 27*z - 30. Let f be i(-26). What is the remainder when 11 - (-2 - (-4)/2) is divided by f + 8 + 3 + -4?
2
Suppose 4*i - 366 = -50. What is the remainder when i is divided by 9?
7
Calculate the remainder when 133 is divided by (-880)/30*(7/(-2) - -2).
1
Let x = -12 - -16. Suppose -x = -2*l + 18. What is the remainder when 24 + 7/(-1) + 3 is divided by l?
9
Suppose 11*f + 40*f - 12189 = 0. Calculate the remainder when f is divided by 22.
19
Calculate the remainder when -28*(-44 + 6 - -11) is divided by 110.
96
Let u(n) = -n**3 - 12*n**2 - 8*n + 7. Let s be u(-11). Let a = s + 22. What is the remainder when 17 is divided by (-19)/a + 7/28?
2
Suppose 3*g + 5*o = 110, 4*o - 111 - 94 = -5*g. Calculate the remainder when (2/4)/((-5)/(-1750)) is divided by g.
40
Suppose -2*a - y = 2*a - 55, -5*y + 50 = 5*a. Let w = -181 + 312. Let n = w - 74. Calculate the remainder when n is divided by a.
12
Let u = 1400 + -1249. What is the remainder when u is divided by 78?
73
Suppose 4*a - 297*w + 295*w - 568 = 0, -415 = -3*a - 4*w. What is the remainder when a is divided by 13?
11
Suppose 0 = 5*o - 3*f - 404, 2*f - 7 - 145 = -2*o. Calculate the remainder when 153 is divided by o.
74
Suppose 45 + 42 = 3*x. Suppose 6*i - 7 = x. Suppose 7*m - 36 = i*m. Calculate the remainder when 142 is divided by m.
34
Suppose 2*x + 2 = 2*q - 0*x, 5*q = -5*x + 15. Suppose -9*d + q*d = -385. Calculate the remainder when d is divided by 28.
27
Let r(f) = -6*f + 20. Let a be r(6). Calculate the remainder when -34*(-4)/a*-2 is divided by 11.
6
Calculate the remainder when 529 is divided by 30816/535 + (-7)/(-5).
57
Suppose -b = -o - 3*o - 12, 4*o + 2*b = 0. What is the remainder when 50 - (-5 - (-9 + 4)) is divided by ((-13)/2)/(1/o)?
11
Let y = 567 - 552. What is the remainder when 50 is divided by y?
5
Let k(b) = -b**2 - 12*b - 5. Suppose -3*f = -f + 18. Calculate the remainder when k(f) is divided by (-4 - -36)/4 + 0.
6
Suppose -30 = -0*o - o. Let r = -3 - -7. Suppose -r*i = -w + o, -w + 2*w = -2*i. Calculate the remainder when 28 is divided by w.
8
Suppose -2*x = -5*q + 3*x + 100, 4*q + 3*x = 45. What is the remainder when 38 is divided by 34 - q - (-2 - -1)?
18
What is the remainder when (-6)/30*(-209 + -6) is divided by (3 - -9) + 1 - 2?
10
Suppose -o + 12 = 2*o. Suppose -5*p = 4*k - 29, o*p + 5*k - 30 = -p. Suppose -111 = -4*d + y, 11 - 26 = p*y. Calculate the remainder when 107 is divided by d.
26
Let z = -194 - -626. What is the remainder when z is divided by 71?
6
Let k(v) = 6*v**2 - 7*v + 2. Let u be k(5). Let f = 125 - u. Calculate the remainder when f is divided by 2.
0
Suppose 3*t = 2*o - 8, 4*o + 4 = t - 0*t. Let y be (-4)/(1/(-1 - o)). What is the remainder when 63 is divided by y/((-4)/11)*3?
30
Suppose -7*w = -3*w - 8. Suppose 3*t + 4*b = 87, 0 = -w*t - 3*t - 3*b + 134. Calculate the remainder when t is divided by 7.
4
Suppose 5*k - 214 - 196 = 0. Suppose 4*d - k = -5*y, d = -d - 5*y + 46. Let p = 14364 - 14331. Calculate the remainder when p is divided by d.
15
What is the remainder when 39 is divided by 33/6 + 7/(-14)*-3?
4
Let r(m) = 6*m**3 + 3*m**2 - 4*m - 4. Suppose -3*z + z - 2*x + 8 = 0, 2*z - 9 = -3*x. Calculate the remainder when r(z) is divided by 22.
19
Suppose -5*f = -5*s - 370, 33 = f - 5*s - 33. Calculate the remainder when f is divided by 1/2 + (-50)/(-4).
11
Suppose 2*y - 5*u - 52 = 0, 0 = -3*y - 3*u + 14 + 43. What is the remainder when 4/26 + (-4144)/(-104) is divided by y?
19
Let d(j) = j**3 + 9*j**2 - 42*j - 4. Calculate the remainder when d(-9) is divided by 63.
59
Let i = -14 - -10. Let m be (-44)/(-16) + (-1)/i. Suppose -g - 2*q + 33 = m*q, 2*q = -3*g + 73. Calculate the remainder when 67 is divided by g.
21
Let m = 368 - 326. Calculate the remainder when 82 is divided by m.
40
Let l(i) = i + 1. Let z be l(-2). Suppose 7*r = 5*b + 8*r - 349, 353 = 5*b - 3*r. What is the remainder when b is divided by 6/(-7)*(-27 + z)?
22
Let g be 20/(-10) - 1*-2. Suppose g = 12*n - 84 - 0. Calculate the remainder when 11 is divided by n.
4
Let v(o) = -o**2 - o + 11. Let i be v(0). Suppose 37 = 2*d + i. Suppose -w + 54 = -4*n, -2*w + 66 = 4*n - 30. Calculate the remainder w